undred thousands digit of 336999?
3
What is the ten thousands digit of 5472225?
7
What is the ten millions digit of 10375977?
1
What is the units digit of 165609?
9
What is the hundred thousands digit of 183741?
1
What is the thousands digit of 240763?
0
What is the units digit of 2290356?
6
What is the hundreds digit of 1438714?
7
What is the tens digit of 312371?
7
What is the thousands digit of 323023?
3
What is the hundred thousands digit of 632755?
6
What is the millions digit of 1317702?
1
What is the units digit of 309470?
0
What is the millions digit of 7374142?
7
What is the hundreds digit of 107590?
5
What is the hundreds digit of 472302?
3
What is the hundreds digit of 198781?
7
What is the thousands digit of 198301?
8
What is the tens digit of 1053311?
1
What is the tens digit of 459071?
7
What is the thousands digit of 1036087?
6
What is the tens digit of 14722086?
8
What is the tens digit of 22353?
5
What is the units digit of 113785?
5
What is the tens digit of 1199303?
0
What is the thousands digit of 14434490?
4
What is the hundred thousands digit of 12483493?
4
What is the ten thousands digit of 409569?
0
What is the tens digit of 5640900?
0
What is the tens digit of 744963?
6
What is the hundred thousands digit of 714385?
7
What is the tens digit of 500299?
9
What is the tens digit of 546150?
5
What is the tens digit of 199272?
7
What is the thousands digit of 412311?
2
What is the units digit of 10401532?
2
What is the hundred thousands digit of 1598311?
5
What is the units digit of 23045?
5
What is the hundreds digit of 8289813?
8
What is the tens digit of 46388?
8
What is the units digit of 288617?
7
What is the thousands digit of 286853?
6
What is the thousands digit of 20734323?
4
What is the tens digit of 980719?
1
What is the millions digit of 11066484?
1
What is the ten thousands digit of 182464?
8
What is the thousands digit of 35904?
5
What is the units digit of 661685?
5
What is the units digit of 9300639?
9
What is the ten thousands digit of 399325?
9
What is the hundreds digit of 87329?
3
What is the millions digit of 1153652?
1
What is the units digit of 32726?
6
What is the tens digit of 392088?
8
What is the thousands digit of 6195481?
5
What is the units digit of 63130?
0
What is the hundreds digit of 8050?
0
What is the millions digit of 1883142?
1
What is the thousands digit of 7148049?
8
What is the units digit of 3128109?
9
What is the units digit of 594769?
9
What is the hundreds digit of 135341?
3
What is the hundreds digit of 42754?
7
What is the hundred thousands digit of 4652503?
6
What is the hundred thousands digit of 1319301?
3
What is the hundred thousands digit of 186607?
1
What is the thousands digit of 2457927?
7
What is the hundred thousands digit of 931765?
9
What is the ten thousands digit of 19279328?
7
What is the thousands digit of 27288061?
8
What is the ten millions digit of 25952740?
2
What is the tens digit of 165599?
9
What is the hundreds digit of 1581653?
6
What is the units digit of 2600071?
1
What is the thousands digit of 1859188?
9
What is the millions digit of 1310161?
1
What is the tens digit of 169228?
2
What is the hundreds digit of 191763?
7
What is the millions digit of 1966743?
1
What is the ten thousands digit of 7387796?
8
What is the thousands digit of 1396854?
6
What is the units digit of 254220?
0
What is the millions digit of 12674917?
2
What is the hundred thousands digit of 659411?
6
What is the hundred thousands digit of 1203247?
2
What is the thousands digit of 294492?
4
What is the ten thousands digit of 391234?
9
What is the ten thousands digit of 75908?
7
What is the millions digit of 1110532?
1
What is the tens digit of 18173?
7
What is the hundreds digit of 1548099?
0
What is the units digit of 587867?
7
What is the hundreds digit of 274914?
9
What is the thousands digit of 4452405?
2
What is the ten thousands digit of 43345?
4
What is the units digit of 113250?
0
What is the hundreds digit of 57089?
0
What is the tens digit of 1260978?
7
What is the thousands digit of 1762153?
2
What is the units digit of 8633403?
3
What is the thousands digit of 6905909?
5
What is the hundreds digit of 482921?
9
What is the hundred thousands digit of 208096?
2
What is the ten thousands digit of 290563?
9
What is the units digit of 3699237?
7
What is the ten thousands digit of 282513?
8
What is the thousands digit of 17743?
7
What is the tens digit of 4124?
2
What is the millions digit of 2737618?
2
What is the hundred thousands digit of 283811?
2
What is the hundred thousands digit of 286470?
2
What is the tens digit of 157141?
4
What is the ten thousands digit of 85002?
8
What is the ten millions digit of 15648100?
1
What is the hundreds digit of 633945?
9
What is the tens digit of 385376?
7
What is the units digit of 125911?
1
What is the ten thousands digit of 1574128?
7
What is the units digit of 8874542?
2
What is the millions digit of 2518673?
2
What is the tens digit of 1868555?
5
What is the thousands digit of 14041222?
1
What is the ten thousands digit of 3402441?
0
What is the thousands digit of 1398814?
8
What is the units digit of 105649?
9
What is the ten thousands digit of 3290339?
9
What is the tens digit of 21377045?
4
What is the hundreds digit of 324229?
2
What is the tens digit of 13055431?
3
What is the thousands digit of 4806262?
6
What is the hundreds digit of 932528?
5
What is the units digit of 87697?
7
What is the tens digit of 6038695?
9
What is the units digit of 625667?
7
What is the tens digit of 6260578?
7
What is the hundred thousands digit of 408141?
4
What is the hundreds digit of 11009380?
3
What is the thousands digit of 228562?
8
What is the hundreds digit of 4235831?
8
What is the thousands digit of 4058029?
8
What is the tens digit of 848235?
3
What is the thousands digit of 682425?
2
What is the tens digit of 234954?
5
What is the tens digit of 2085197?
9
What is the hundreds digit of 4273821?
8
What is the thousands digit of 504553?
4
What is the ten thousands digit of 3450838?
5
What is the hundred thousands digit of 829890?
8
What is the tens digit of 131117?
1
What is the hundreds digit of 1417453?
4
What is the ten thousands digit of 331643?
3
What is the ten millions digit of 27662436?
2
What is the thousands digit of 966875?
6
What is the thousands digit of 185073?
5
What is the hundreds digit of 11936492?
4
What is the hundred thousands digit of 371602?
3
What is the ten thousands digit of 1020620?
2
What is the ten thousands digit of 378150?
7
What is the units digit of 31844620?
0
What is the millions digit of 9904780?
9
What is the hundreds digit of 235266?
2
What is the units digit of 4981910?
0
What is the units digit of 1409952?
2
What is the units digit of 36307487?
7
What is the hundred thousands digit of 11721518?
7
What is the ten thousands digit of 3351417?
5
What is the tens digit of 678094?
9
What is the hundred thousands digit of 1085165?
0
What is the tens digit of 461623?
2
What is the hundred thousands digit of 658460?
6
What is the hundred thousands digit of 2132306?
1
What is the ten thousands digit of 9187842?
8
What is the thousands digit of 134623?
4
What is the tens digit of 4278317?
1
What is the thousands digit of 209451?
9
What is the ten thousands digit of 10441661?
4
What is the thousands digit of 145634?
5
What is the thousands digit of 218762?
8
What is the tens digit of 1351566?
6
What is the hundreds digit of 33941?
9
What is the tens digit of 615672?
7
What is the units digit of 15486957?
7
What is the ten thousands digit of 15121?
1
What is the thousands digit of 45347?
5
What is the thousands digit of 381357?
1
What is the hundred thousands digit of 867224?
8
What is the units digit of 533027?
7
What is the thousands digit of 257894?
7
What is the ten thousands digit of 1900011?
0
What is the hundreds digit of 7603229?
2
What is the hundred thousands digit of 302666?
3
What is the tens digit of 540723?
2
What is the hundreds digit of 2333968?
9
What is the tens digit of 390640?
4
What is the ten thousands digit of 921417?
2
What is the hundreds digit of 6824?
8
What is the millions digit of 1271891?
1
What is the tens digit of 51638?
3
What is the hundred thousands digit of 2768886?
